
False
Is 1798989 a composite number?
True
Is 51851 a prime number?
False
Is 1650829 composite?
True
Is 479749 a prime number?
True
Is 80843 a prime number?
False
Is 669791 a composite number?
False
Is 2237 prime?
True
Is 285871 composite?
False
Is 34199 a prime number?
False
Is 236114 prime?
False
Is 499 prime?
True
Is 492457 prime?
False
Is 72973 composite?
False
Is 1531 composite?
False
Is 210671 a composite number?
False
Is 7985 a composite number?
True
Is 8903 composite?
True
Is 4373 prime?
True
Is 60659 a prime number?
True
Is 93463 a composite number?
False
Is 1261 composite?
True
Is 4309 a composite number?
True
Is 723529 a composite number?
False
Is 4251917 composite?
False
Is 679 composite?
True
Is 65663 prime?
False
Is 613027 a composite number?
True
Is 113249 a prime number?
False
Is 1181 a composite number?
False
Is 7571 composite?
True
Is 43027 composite?
True
Is 1606487 composite?
False
Is 44771 prime?
True
Is 11677 prime?
True
Is 76421 a composite number?
False
Is 289417 prime?
True
Is 3947 prime?
True
Is 39659 a prime number?
True
Is 29157 composite?
True
Is 566705 prime?
False
Is 234767 composite?
True
Is 21653 composite?
True
Is 5663 prime?
False
Is 58039 a prime number?
False
Is 64309 a composite number?
True
Is 318819 a prime number?
False
Is 19391 a composite number?
False
Is 908669 composite?
False
Is 12227 a prime number?
True
Is 411865 a prime number?
False
Is 4909 prime?
True
Is 281189 a prime number?
True
Is 188927 a prime number?
True
Is 14047 prime?
False
Is 1097 prime?
True
Is 627322 composite?
True
Is 1315 a prime number?
False
Is 341371 a composite number?
True
Is 29893 composite?
True
Is 1076263 composite?
False
Is 1903807 a composite number?
False
Is 287491 prime?
True
Is 8542 composite?
True
Is 760231 prime?
True
Is 17287 a prime number?
False
Is 64133 composite?
True
Is 40735 a composite number?
True
Is 187483 a prime number?
False
Is 814145 a composite number?
True
Is 1027 composite?
True
Is 27941 a composite number?
False
Is 207941 a composite number?
False
Is 3335701 a prime number?
True
Is 182633 prime?
False
Is 613 prime?
True
Is 25391 composite?
False
Is 503989 prime?
True
Is 119827 composite?
False
Is 69437 prime?
False
Is 42538 a prime number?
False
Is 1687559 a prime number?
True
Is 617347 a composite number?
True
Is 6211 prime?
True
Is 70483 composite?
True
Is 15929 a composite number?
True
Is 5269 a composite number?
True
Is 3061 a composite number?
False
Is 8483 prime?
False
Is 13241 a prime number?
True
Is 1412995 a composite number?
True
Is 10211 composite?
False
Is 1740499 composite?
False
Is 16351 composite?
True
Is 537 composite?
True
Is 16381 prime?
True
Is 260917 a composite number?
True
Is 5209 a prime number?
True
Is 10771 prime?
True
Is 77 composite?
True
Is 1876301 composite?
True
Is 1560589 a composite number?
False
Is 19301 composite?
False
Is 111647 a composite number?
True
Is 99001 a composite number?
True
Is 50686 a prime number?
False
Is 683677 prime?
False
Is 52981 composite?
False
Is 177823 prime?
True
Is 2333 prime?
True
Is 137627 a composite number?
True
Is 36833 a composite number?
False
Is 15569 a composite number?
False
Is 84121 a composite number?
False
Is 746561 prime?
True
Is 2517 a prime number?
False
Is 1396939 a composite number?
False
Is 8663 composite?
False
Is 389 a composite number?
False
Is 615991 composite?
True
Is 5773 a prime number?
False
Is 270251 a composite number?
True
Is 5953 prime?
True
Is 254951 a prime number?
False
Is 785713 a composite number?
True
Is 160727 prime?
False
Is 355457 a composite number?
False
Is 1783 a prime number?
True
Is 1067687 a composite number?
False
Is 1287097 a prime number?
False
Is 365639 composite?
False
Is 687277 prime?
True
Is 19727 a prime number?
True
Is 8861 prime?
True
Is 277231 prime?
True
Is 1954087 prime?
True
Is 594551 a prime number?
True
Is 101257 a composite number?
True
Is 274299 prime?
False
Is 51031 prime?
True
Is 649 a prime number?
False
Is 29567 a composite number?
False
Is 6995 a composite number?
True
Is 2291 a prime number?
False
Is 41831 a composite number?
True
Is 17741 prime?
False
Is 201 prime?
False
Is 8059 a prime number?
True
Is 456851 composite?
True
Is 28733 a prime number?
False
Is 235397 composite?
False
Is 4909 a composite number?
False
Is 26407 a prime number?
True
Is 397897 composite?
False
Is 66589 prime?
False
Is 40693 a prime number?
True
Is 20765 a composite number?
True
Is 1149 prime?
False
Is 1903 prime?
False
Is 243031 a composite number?
False
Is 116239 prime?
True
Is 43141 a composite number?
True
Is 43003 composite?
False
Is 26747 prime?
False
Is 9487 a composite number?
True
Is 157 composite?
False
Is 117529 composite?
False
Is 59117 a composite number?
True
Is 33107 a prime number?
True
Is 18059 a prime number?
True
Is 957926 composite?
True
Is 3949 composite?
True
Is 16979 a prime number?
True
Is 74615 a prime number?
False
Is 61213 prime?
False
Is 26141 composite?
False
Is 771871 composite?
True
Is 128267 composite?
True
Is 11411 a prime number?
True
Is 67339 composite?
False
Is 7241 composite?
True
Is 15053 a composite number?
False
Is 673 prime?
True
Is 288697 composite?
False
Is 22439 a prime number?
False
Is 47903 composite?
False
Is 37393 composite?
True
Is 4091 a prime number?
True
Is 4967 composite?
False
Is 219353 a composite number?
False
Is 550489 composite?
False
Is 28195 composite?
True
Is 5680807 prime?
False
Is 469487 a composite number?
False
Is 311981 a composite number?
False
Is 26773 composite?
True
Is 1435015 a composite number?
True
Is 182891 a prime number?
False
Is 80059 prime?
False
Is 10039 prime?
True
Is 51617 a composite number?
True
Is 8887 prime?
True
Is 51257 a composite number?
False
Is 436255 a composite number?
True
Is 111261 composite?
True
Is 23083 prime?
False
Is 1118909 a prime number?
False
Is 164311 prime?
False
Is 28559 prime?
True
Is 68459 a prime number?
False
Is 116785 a composite number?
True
Is 96973 a composite number?
False
Is 9901 prime?
True
Is 409907 composite?
True
Is 3877 a prime number?
True
Is 42379 a prime number?
True
Is 39089 composite?
False
Is 133493 composite?
False
Is 1479193 composite?
False
Is 4086457 a prime number?
True
Is 379 a composite number?
False
Is 4327 prime?
True
Is 241609 a prime number?
False
Is 942911 a prime number?
False
Is 2733 a composite number?
True
Is 45283 prime?
False
Is 9691 prime?
False
Is 4971 prime?
False
Is 181477 composite?
True
Is 75673 composite?
True
Is 817 prime?
False
Is 168187 composite?
True
Is 17167 prime?
True
Is 200303 a composite number?
True
Is 2449 a composite number?
True
Is 39541 a composite number?
False
Is 19849 a prime number?
False
Is 201193 prime?
True
Is 118967 a prime number?
True
Is 87719 a composite number?
False
Is 14039 prime?
False
Is 9041 prime?
True
Is 5557 prime?
True
Is 32822 prime?
False
Is 64513 composite?
False
Is 40879 composite?
False
Is 11657 composite?
False
Is 840817 a composite number?
False
Is 42739 a composite number?
True
Is 1597 a composite number?
False
Is 2099 prime?
True
Is 27403 composite?
True
Is 939971 a prime number?
True
Is 73007 a prime number?
False
Is 29066 prime?
False
Is 13897 a composite number?
True
Is 13159 prime?
True
Is 1015787 prime?
False
Is 149263 a prime number?
False
Is 3407 a composite number?
False
Is 25393 prime?
False
Is 27663 prime?
False
Is 1438 a prime number?
False
Is 1131743 a prime number?
False
Is 43573 composite?
False
Is 426043 a prime number?
False
Is 1985 prime?
False
Is 54029 a composite number?
True
Is 43657 a composite number?
True
Is 1468657 prime?
True
Is 62401 a composite number?
False
Is 11197 composite?
False
Is 3353 composite?
True
Is 2333579 a composite number?
False
Is 76549 prime?
False
Is 133211 a prime number?
False
Is 11327 prime?
False
Is 16495 a composite number?
True
Is 2423 a composite number?
False
Is 3161 a prime number?
False
Is 55331 a prime number?
True
Is 36097 prime?
True
Is 8465 a composite number?
True
Is 541267 a prime number?
True
Is 31793 a composite number?
False
Is 99433 a composite number?
True
Is 13307 prime?
False
Is 705127 composite?
False
Is 48803 composite?
True
Is 68993 a composite number?
False
Is 487947 prime?
False
Is 413635 prime?
False
Is 741511 a composi